nits digit of p?
0
Let l be 986/(-261) + (-2)/9. What is the hundreds digit of (19488/l)/(-7) - (2 - 0)?
6
Suppose 105*t = -559486 + 6189901. What is the hundreds digit of t?
6
Suppose 69*j - 79*j + 210 = 0. Suppose -2205 = j*u - 26*u. What is the tens digit of u?
4
Suppose 0 = 3*m - 976 + 169. Suppose -6 = -5*d + m. What is the units digit of d?
5
Let u be (-60)/36 - (-10)/6. Suppose 3*n - 20 = l - u*l, -5 = -4*n - 3*l. Suppose -947 = -4*g + n*r, -g + 2*r + 1171 = 4*g. What is the hundreds digit of g?
2
Let o(j) = 706*j**3 - j**2 + 5*j - 5. Let i be (35 - 38)*(2*-1)/6. What is the units digit of o(i)?
5
Let a(k) = 10*k**2 - 7*k - 7. Let n(c) = 11*c**2 - 6*c - 12. Let i(d) = 6*a(d) - 4*n(d). What is the hundreds digit of i(-7)?
9
What is the thousands digit of -2463595*9/(-270) - 80/96?
2
Let h be (-9)/(-12) + 45/20. Let v be 5/((-20)/(-48)) + h. Suppose v = l - 52. What is the tens digit of l?
6
Suppose 5734 = f - 5*i - 8769, f - 10*i = 14523. What is the tens digit of f?
8
What is the hundreds digit of (-73931)/52*(60/(-9 + 4) + 4)?
3
Let b = 501 - 433. Let y = b + 284. What is the units digit of y?
2
What is the ten thousands digit of 2994*(-5 - 980/42)*(-3)/10?
2
Let o(d) = 126 - 55 - 50 - 36*d. What is the units digit of o(-5)?
1
What is the thousands digit of (33481*(4 + -3) + 3)*90/360?
8
Let h = -42 - -46. Suppose 5*w + 5 = z - 26, h*z - 244 = -4*w. What is the units digit of z?
6
Let r = 241 - -182. Suppose 51*b + 3345 = 23388. Suppose -5*l = -4*i + b, 7*i - r = 3*i - 5*l. What is the units digit of i?
2
Suppose x - 156 = -156. Suppose x = 6*u - 3*u + 2*b - 1078, -3*u + b + 1072 = 0. What is the hundreds digit of u?
3
Let c = 21254 - 5582. What is the thousands digit of c?
5
Suppose 43*s = 57*s - 238. Suppose -48 = -5*w + 2*w. Suppose -w*z + s*z = 88. What is the tens digit of z?
8
Let v(s) = -18*s**3 - 13 - s**2 - 9*s + 5*s**2 - s**2 - 3. What is the units digit of v(-3)?
4
Let t(g) = g**3 - 34*g**2 - 36*g - 49. Suppose 7*l = 5*a + 5*l - 174, 4*a - 135 = 3*l. What is the hundreds digit of t(a)?
2
Let h = -12 + 13. Suppose h = 4*y + 3*m - 0*m, -m = -3. What is the units digit of 63 - (1 + (2 - (8 + y)))?
6
Suppose 7*a = 8*a - 4*c - 1011, 2*c = 2*a - 1980. What is the tens digit of a?
8
Let x(k) = 20 - 2 - 6 - 3*k + 0 + 8*k**2 - 15. Let y be -3 - (-1 - (2 - 1)). What is the units digit of x(y)?
8
Let f(h) = 19*h - 1. Let b be f(2). Let n = b + 323. What is the units digit of n?
0
Let b = -52 + -1355. Let i = 49 - b. What is the thousands digit of i?
1
Let a(w) = -w**3 - 11*w**2 - 27*w + 72. What is the thousands digit of a(-17)?
2
Let u = 221 + -215. What is the hundreds digit of 36/(-1)*(u + 340/(-30))?
1
Suppose 425 = 76*t - 71*t + 5*u, -3*t = u - 247. Suppose -77*k + t*k = 2464. What is the units digit of k?
6
Suppose 0*a + 2*a + 3*n + 4358 = 0, -5*a = 2*n + 10884. Let t be a/(-221) + 2/13 + 0. What is the tens digit of 806/t - 6/10?
8
Suppose -115784 + 970442 = 238*h. What is the hundreds digit of h?
5
Suppose 5*w - 684 = -a, -5*a + 601 = -3*w - 2847. Let c = -379 + a. What is the tens digit of c?
1
Let w(j) = -4*j**3 + 6*j**3 - 4*j**3 + 3*j**3 + 3*j**2 + 9*j - 6. Let y be w(6). Suppose -5*x + 1067 - y = 0. What is the units digit of x?
9
Let a(o) = -o**2 + 7*o - 10. Let s be a(3). Suppose 753 + 1163 = 4*u + s*x, -u - 3*x + 474 = 0. What is the units digit of u?
0
Let h = 6815 - 677. What is the thousands digit of h?
6
Suppose 0*c = 4*c - 2408. What is the tens digit of c/3*33/22?
0
Let g = 5 + 10. Suppose 0 = -5*l + g, -3*l = 2*d - 7*d + 3276. What is the tens digit of d?
5
Suppose 669*x - 4*p - 5684 = 665*x, 1436 = x + 2*p. What is the tens digit of x?
2
Let w(d) = -290*d + 785. What is the hundreds digit of w(-15)?
1
Let j be 3*1*(-1684)/12. Let c = 911 + j. What is the tens digit of c?
9
What is the thousands digit of (7 + 774/(-27) + 9)*(-2721)/2?
7
Suppose 4*j - 1243 = 4361. Let v = j + -400. What is the units digit of v?
1
What is the units digit of (2957/4 + 2)/((-1624)/96 + 17)?
5
Suppose -27 = -m - s, m - 2*s - 13 = 14. Suppose -131 = -2*l - m. Suppose -3*k + 2*g = -2*k - l, -k + 59 = 5*g. What is the units digit of k?
4
Suppose -5*p + 27 = 3*h - 2*h, 0 = -5*h + 2*p. Suppose 1234 = 5*w - h*m, w = 10*m - 6*m + 254. What is the tens digit of w?
4
Let j = -32 + 37. Suppose 2*z - j*p = 13, 20 = p + 3*p. Suppose 24*w - 530 = z*w. What is the hundreds digit of w?
1
What is the thousands digit of 102/((-3)/4*(-62)/2945)?
6
Let w = 67 + -73. Let h(u) = -u**2 - 13*u - 2. Let m be h(w). Suppose -4*q - 2*g = -382, q - m = -g + 54. What is the units digit of q?
7
Let c(l) = -l**2 + 36*l - 234. What is the units digit of c(10)?
6
What is the tens digit of (-4 - 2)*(-30 + 15356/(-33))?
7
Let c(s) = 992*s**2 + 15*s - 9. What is the units digit of c(2)?
9
Let r be 152/12*(19 - 16). Suppose 0 = -r*l + 14562 + 16370. What is the units digit of l?
4
What is the hundreds digit of 10/(-9) + (-3 - (-28)/9) - -10880?
8
Suppose -4*z = -s + 72, -5*z - 4*s - 81 = -3*s. Let t(o) = -o**3 - 16*o**2 + 13*o - 14. Let k be t(z). Let p = k - 2. What is the tens digit of p?
5
Let n(u) = -3*u - 13. Let j be n(-6). Suppose s = 2*x - 294 - 2376, -j*x + 6649 = 4*s. What is the hundreds digit of x?
3
Let h(w) = -6*w + 0*w - 43*w - 1 + 99 - 8*w. What is the hundreds digit of h(-4)?
3
Let m = 16625 - 8720. What is the tens digit of m?
0
Suppose 21*h = 21408 + 21831. What is the thousands digit of h?
2
Suppose 2*k = 4*r + 105177 - 453911, 3*k = 5*r - 435915. What is the tens digit of r?
8
Suppose 7*g = -4878 + 41152. What is the hundreds digit of g?
1
What is the units digit of (((-9)/(-12))/(6/(-20)))/((-44)/9416)?
5
Suppose -1572 = -3*k - 2*l + 23553, 3*k + 3*l = 25119. What is the thousands digit of k?
8
Suppose 0 = 4*c + 5*x + 1248, -17*c = -15*c - 3*x + 646. Let p(v) = -2*v**3 + 10*v**2 - 7*v - 8. Let y be p(8). Let t = c - y. What is the units digit of t?
1
Let d = 27079 - 18633. What is the units digit of d?
6
Let r(k) = 121*k + 230 + 166*k - 444 + 231. What is the units digit of r(2)?
1
Suppose -51*n + 48*n - 24 = 0, 2*v = n + 45664. What is the thousands digit of v?
2
Let m = 5607 + -3637. What is the hundreds digit of m?
9
Let x(f) = 2*f**2 - 26*f - 846*f**3 + 845*f**3 - 4*f**2 - 239. What is the units digit of x(-10)?
1
Let s(t) = 23*t**2 - 351*t - 70. What is the thousands digit of s(36)?
7
Let h = -619 - -430. Let s be (1111/44)/((35/60)/(-7)) + 6. Let x = h - s. What is the hundreds digit of x?
1
Let f = -51 - -51. Let n be f/((4 - (2 + 1)) + 0). Suppose -o + 4*k + 66 = -43, n = -2*o - 3*k + 229. What is the units digit of o?
3
Let j(s) = -43*s + 29. Let a be ((-2 - -7) + -9)/(0 + 1). What is the hundreds digit of j(a)?
2
Suppose 3*i + 5*x - 186741 = 0, 2*i + 4*x - 165262 = -40772. What is the thousands digit of i?
2
Let p(s) = s**2 + 12*s + 24. Let a be p(-10). Suppose f = 3*m - f - 40, 0 = a*m - f - 45. What is the units digit of m*(-4)/(-10)*(-450)/(-40)?
5
Let j be -2*715/(-10) - 4. Let l = j + 365. Suppose -4*i = 2*i - l. What is the units digit of i?
4
Let x(s) = 4*s**3 + 12*s**2 + 91*s + 65. What is the units digit of x(12)?
7
Let s = -78 - -78. Suppose s = l - 97 - 88. What is the units digit of l?
5
Let g = 719 + -181. Suppose -5*h + 1295 = 5*t, 0*t = 2*t - 2*h - g. What is the hundreds digit of t?
2
Let l(z) = 128*z**3 - 4*z**2. Let w be l(2). Let j = 4523 - w. What is the tens digit of (-6)/(-15) - j/(-25)?
4
Let l(p) be the first derivative of 3*p**5/20 - p**4/6 - 7*p**3/6 + p**2 - p - 53. Let q(h) be the second derivative of l(h). What is the tens digit of q(4)?
2
Suppose -17190 = -17*c + 11*c. Suppose 44*d - 29*d - c = 0. What is the hundreds digit of d?
1
Suppose -783 = -0*m + 5*m + 3*v, -5*m = -2*v + 778. Let r be -2 - (m/(0 + 1) + -1). Suppose -17 = -4*a + r. What is the units digit of a?
3
Let z(d) = 4*d**2 + 137*d - 3563. What is the units digit of z(96)?
3
Let b = -14 - -17. Let o be -3*(64/b)/(-4). What is the tens digit of 33 + 1 - (o + -20)?
3
Let t(n) = 342*n + 313. What is the units digit of t(12)?
7
Suppose -3*o - 13*u + 12*u + 139281 = 0, -2*o = 7*u - 92873. What is the hundreds digit of o?
4
Suppose 0 = 3*h - 3*x + 51, -4*x = -5*h - 7*x - 61. Let b be ((-4)/h)/1 + 10740/(-105). Let s = b - -251. What is the hundreds 